{"id":11221,"date":"2025-11-13T22:19:36","date_gmt":"2025-11-13T20:19:36","guid":{"rendered":"https:\/\/ayazteknoloji.com\/?post_type=product&#038;p=11221"},"modified":"2026-02-26T08:28:13","modified_gmt":"2026-02-26T06:28:13","slug":"dell-23-8-ips-p2424heb-5ms-60hz-hdmi-dp-video-konferans-monitoru","status":"publish","type":"product","link":"https:\/\/ayazteknoloji.com\/index.php\/urun\/dell-23-8-ips-p2424heb-5ms-60hz-hdmi-dp-video-konferans-monitoru\/","title":{"rendered":"Dell 23.8 IPS P2424HEB 5ms 60HZ Hdm\u0131-Dp V\u0131deo Konferans Monit\u00f6r\u00fc"},"content":{"rendered":"<p>Dell 23.8 IPS P2424HEB 5ms 60HZ Hdm\u0131-Dp V\u0131deo Konferans Monit\u00f6r\u00fc<\/p>\n","protected":false},"excerpt":{"rendered":"<p>Dell 23.8 IPS P2424HEB 5ms 60HZ Hdm\u0131-Dp V\u0131deo Konferans Monit\u00f6r\u00fc<\/p>\n","protected":false},"featured_media":11222,"comment_status":"closed","ping_status":"closed","template":"","meta":[],"product_brand":[107],"product_cat":[126],"product_tag":[],"class_list":{"0":"post-11221","1":"product","2":"type-product","3":"status-publish","4":"has-post-thumbnail","6":"product_brand-dell","7":"product_cat-monitor","9":"first","10":"instock","11":"shipping-taxable","12":"purchasable","13":"product-type-simple"},"_links":{"self":[{"href":"https:\/\/ayazteknoloji.com\/index.php\/wp-json\/wp\/v2\/product\/11221","targetHints":{"allow":["GET"]}}],"collection":[{"href":"https:\/\/ayazteknoloji.com\/index.php\/wp-json\/wp\/v2\/product"}],"about":[{"href":"https:\/\/ayazteknoloji.com\/index.php\/wp-json\/wp\/v2\/types\/product"}],"replies":[{"embeddable":true,"href":"https:\/\/ayazteknoloji.com\/index.php\/wp-json\/wp\/v2\/comments?post=11221"}],"version-history":[{"count":1,"href":"https:\/\/ayazteknoloji.com\/index.php\/wp-json\/wp\/v2\/product\/11221\/revisions"}],"predecessor-version":[{"id":11227,"href":"https:\/\/ayazteknoloji.com\/index.php\/wp-json\/wp\/v2\/product\/11221\/revisions\/11227"}],"wp:featuredmedia":[{"embeddable":true,"href":"https:\/\/ayazteknoloji.com\/index.php\/wp-json\/wp\/v2\/media\/11222"}],"wp:attachment":[{"href":"https:\/\/ayazteknoloji.com\/index.php\/wp-json\/wp\/v2\/media?parent=11221"}],"wp:term":[{"taxonomy":"product_brand","embeddable":true,"href":"https:\/\/ayazteknoloji.com\/index.php\/wp-json\/wp\/v2\/product_brand?post=11221"},{"taxonomy":"product_cat","embeddable":true,"href":"https:\/\/ayazteknoloji.com\/index.php\/wp-json\/wp\/v2\/product_cat?post=11221"},{"taxonomy":"product_tag","embeddable":true,"href":"https:\/\/ayazteknoloji.com\/index.php\/wp-json\/wp\/v2\/product_tag?post=11221"}],"curies":[{"name":"wp","href":"https:\/\/api.w.org\/{rel}","templated":true}]}}