{"id":11186,"date":"2025-11-13T21:29:18","date_gmt":"2025-11-13T19:29:18","guid":{"rendered":"https:\/\/ayazteknoloji.com\/?post_type=product&#038;p=11186"},"modified":"2025-11-13T21:29:18","modified_gmt":"2025-11-13T19:29:18","slug":"hp-cp180-hd-led-projeksiyon-cihazi-otofokus-ekran-paylasimi-wifi-bluetooth-netflix-youtube-disney","status":"publish","type":"product","link":"https:\/\/ayazteknoloji.com\/index.php\/urun\/hp-cp180-hd-led-projeksiyon-cihazi-otofokus-ekran-paylasimi-wifi-bluetooth-netflix-youtube-disney\/","title":{"rendered":"HP CP180 Hd LED Projeksiyon Cihaz\u0131 &#8211; Otofokus, Ekran Payla\u015f\u0131m\u0131, Wifi, Bluetooth, Netflix, Youtube, Disney+"},"content":{"rendered":"<p>HP CP180 Hd LED Projeksiyon Cihaz\u0131 &#8211; Otofokus, Ekran Payla\u015f\u0131m\u0131, Wifi, Bluetooth, Netflix, Youtube, Disney+<\/p>\n","protected":false},"excerpt":{"rendered":"<p>HP CP180 Hd LED Projeksiyon Cihaz\u0131 &#8211; Otofokus, Ekran Payla\u015f\u0131m\u0131, Wifi, Bluetooth, Netflix, Youtube, Disney+<\/p>\n","protected":false},"featured_media":11188,"comment_status":"closed","ping_status":"closed","template":"","meta":[],"product_brand":[109],"product_cat":[159,165],"product_tag":[],"class_list":{"0":"post-11186","1":"product","2":"type-product","3":"status-publish","4":"has-post-thumbnail","6":"product_brand-hp","7":"product_cat-cevre-birimleri","8":"product_cat-projeksiyon","10":"first","11":"instock","12":"shipping-taxable","13":"purchasable","14":"product-type-simple"},"_links":{"self":[{"href":"https:\/\/ayazteknoloji.com\/index.php\/wp-json\/wp\/v2\/product\/11186","targetHints":{"allow":["GET"]}}],"collection":[{"href":"https:\/\/ayazteknoloji.com\/index.php\/wp-json\/wp\/v2\/product"}],"about":[{"href":"https:\/\/ayazteknoloji.com\/index.php\/wp-json\/wp\/v2\/types\/product"}],"replies":[{"embeddable":true,"href":"https:\/\/ayazteknoloji.com\/index.php\/wp-json\/wp\/v2\/comments?post=11186"}],"version-history":[{"count":1,"href":"https:\/\/ayazteknoloji.com\/index.php\/wp-json\/wp\/v2\/product\/11186\/revisions"}],"predecessor-version":[{"id":11192,"href":"https:\/\/ayazteknoloji.com\/index.php\/wp-json\/wp\/v2\/product\/11186\/revisions\/11192"}],"wp:featuredmedia":[{"embeddable":true,"href":"https:\/\/ayazteknoloji.com\/index.php\/wp-json\/wp\/v2\/media\/11188"}],"wp:attachment":[{"href":"https:\/\/ayazteknoloji.com\/index.php\/wp-json\/wp\/v2\/media?parent=11186"}],"wp:term":[{"taxonomy":"product_brand","embeddable":true,"href":"https:\/\/ayazteknoloji.com\/index.php\/wp-json\/wp\/v2\/product_brand?post=11186"},{"taxonomy":"product_cat","embeddable":true,"href":"https:\/\/ayazteknoloji.com\/index.php\/wp-json\/wp\/v2\/product_cat?post=11186"},{"taxonomy":"product_tag","embeddable":true,"href":"https:\/\/ayazteknoloji.com\/index.php\/wp-json\/wp\/v2\/product_tag?post=11186"}],"curies":[{"name":"wp","href":"https:\/\/api.w.org\/{rel}","templated":true}]}}