{"id":11048,"date":"2025-11-13T17:12:56","date_gmt":"2025-11-13T15:12:56","guid":{"rendered":"https:\/\/ayazteknoloji.com\/?post_type=product&#038;p=11048"},"modified":"2025-11-13T17:12:56","modified_gmt":"2025-11-13T15:12:56","slug":"lenovo-156-b210-notebook-sirt-cantasi-siyah-gx40q17225","status":"publish","type":"product","link":"https:\/\/ayazteknoloji.com\/index.php\/urun\/lenovo-156-b210-notebook-sirt-cantasi-siyah-gx40q17225\/","title":{"rendered":"Lenovo 15,6 B210 Notebook S\u0131rt \u00c7antas\u0131 Siyah, GX40Q17225"},"content":{"rendered":"<p>Lenovo 15,6 B210 Notebook S\u0131rt \u00c7antas\u0131 Siyah, GX40Q17225<\/p>\n","protected":false},"excerpt":{"rendered":"<p>Lenovo 15,6 B210 Notebook S\u0131rt \u00c7antas\u0131 Siyah, GX40Q17225<\/p>\n","protected":false},"featured_media":11049,"comment_status":"closed","ping_status":"closed","template":"","meta":[],"product_brand":[172],"product_cat":[156],"product_tag":[],"class_list":{"0":"post-11048","1":"product","2":"type-product","3":"status-publish","4":"has-post-thumbnail","6":"product_brand-lenovo","7":"product_cat-notebook-aksesuarlari","9":"first","10":"instock","11":"shipping-taxable","12":"purchasable","13":"product-type-simple"},"_links":{"self":[{"href":"https:\/\/ayazteknoloji.com\/index.php\/wp-json\/wp\/v2\/product\/11048","targetHints":{"allow":["GET"]}}],"collection":[{"href":"https:\/\/ayazteknoloji.com\/index.php\/wp-json\/wp\/v2\/product"}],"about":[{"href":"https:\/\/ayazteknoloji.com\/index.php\/wp-json\/wp\/v2\/types\/product"}],"replies":[{"embeddable":true,"href":"https:\/\/ayazteknoloji.com\/index.php\/wp-json\/wp\/v2\/comments?post=11048"}],"version-history":[{"count":1,"href":"https:\/\/ayazteknoloji.com\/index.php\/wp-json\/wp\/v2\/product\/11048\/revisions"}],"predecessor-version":[{"id":11055,"href":"https:\/\/ayazteknoloji.com\/index.php\/wp-json\/wp\/v2\/product\/11048\/revisions\/11055"}],"wp:featuredmedia":[{"embeddable":true,"href":"https:\/\/ayazteknoloji.com\/index.php\/wp-json\/wp\/v2\/media\/11049"}],"wp:attachment":[{"href":"https:\/\/ayazteknoloji.com\/index.php\/wp-json\/wp\/v2\/media?parent=11048"}],"wp:term":[{"taxonomy":"product_brand","embeddable":true,"href":"https:\/\/ayazteknoloji.com\/index.php\/wp-json\/wp\/v2\/product_brand?post=11048"},{"taxonomy":"product_cat","embeddable":true,"href":"https:\/\/ayazteknoloji.com\/index.php\/wp-json\/wp\/v2\/product_cat?post=11048"},{"taxonomy":"product_tag","embeddable":true,"href":"https:\/\/ayazteknoloji.com\/index.php\/wp-json\/wp\/v2\/product_tag?post=11048"}],"curies":[{"name":"wp","href":"https:\/\/api.w.org\/{rel}","templated":true}]}}