{"id":10963,"date":"2025-11-09T16:05:47","date_gmt":"2025-11-09T14:05:47","guid":{"rendered":"https:\/\/ayazteknoloji.com\/?post_type=product&#038;p=10963"},"modified":"2025-11-09T16:05:47","modified_gmt":"2025-11-09T14:05:47","slug":"hadron-hd4326-2-giris-1-cikis-vga-switch","status":"publish","type":"product","link":"https:\/\/ayazteknoloji.com\/index.php\/urun\/hadron-hd4326-2-giris-1-cikis-vga-switch\/","title":{"rendered":"Hadron HD4326 (2 Giri\u015f 1 \u00c7\u0131k\u0131\u015f) VGA Switch"},"content":{"rendered":"<p>Hadron HD4326 (2 Giri\u015f 1 \u00c7\u0131k\u0131\u015f) VGA Switch<\/p>\n","protected":false},"excerpt":{"rendered":"<p>Hadron HD4326 (2 Giri\u015f 1 \u00c7\u0131k\u0131\u015f) VGA Switch<\/p>\n","protected":false},"featured_media":10964,"comment_status":"closed","ping_status":"closed","template":"","meta":[],"product_brand":[],"product_cat":[162,159],"product_tag":[],"class_list":{"0":"post-10963","1":"product","2":"type-product","3":"status-publish","4":"has-post-thumbnail","6":"product_cat-aksesuarlar","7":"product_cat-cevre-birimleri","9":"first","10":"instock","11":"shipping-taxable","12":"purchasable","13":"product-type-simple"},"_links":{"self":[{"href":"https:\/\/ayazteknoloji.com\/index.php\/wp-json\/wp\/v2\/product\/10963","targetHints":{"allow":["GET"]}}],"collection":[{"href":"https:\/\/ayazteknoloji.com\/index.php\/wp-json\/wp\/v2\/product"}],"about":[{"href":"https:\/\/ayazteknoloji.com\/index.php\/wp-json\/wp\/v2\/types\/product"}],"replies":[{"embeddable":true,"href":"https:\/\/ayazteknoloji.com\/index.php\/wp-json\/wp\/v2\/comments?post=10963"}],"version-history":[{"count":1,"href":"https:\/\/ayazteknoloji.com\/index.php\/wp-json\/wp\/v2\/product\/10963\/revisions"}],"predecessor-version":[{"id":10965,"href":"https:\/\/ayazteknoloji.com\/index.php\/wp-json\/wp\/v2\/product\/10963\/revisions\/10965"}],"wp:featuredmedia":[{"embeddable":true,"href":"https:\/\/ayazteknoloji.com\/index.php\/wp-json\/wp\/v2\/media\/10964"}],"wp:attachment":[{"href":"https:\/\/ayazteknoloji.com\/index.php\/wp-json\/wp\/v2\/media?parent=10963"}],"wp:term":[{"taxonomy":"product_brand","embeddable":true,"href":"https:\/\/ayazteknoloji.com\/index.php\/wp-json\/wp\/v2\/product_brand?post=10963"},{"taxonomy":"product_cat","embeddable":true,"href":"https:\/\/ayazteknoloji.com\/index.php\/wp-json\/wp\/v2\/product_cat?post=10963"},{"taxonomy":"product_tag","embeddable":true,"href":"https:\/\/ayazteknoloji.com\/index.php\/wp-json\/wp\/v2\/product_tag?post=10963"}],"curies":[{"name":"wp","href":"https:\/\/api.w.org\/{rel}","templated":true}]}}