{"id":10943,"date":"2025-11-09T15:44:04","date_gmt":"2025-11-09T13:44:04","guid":{"rendered":"https:\/\/ayazteknoloji.com\/?post_type=product&#038;p=10943"},"modified":"2025-11-09T15:44:04","modified_gmt":"2025-11-09T13:44:04","slug":"dell-premier-slim-notebook-cantasi-15-460-bcqm","status":"publish","type":"product","link":"https:\/\/ayazteknoloji.com\/index.php\/urun\/dell-premier-slim-notebook-cantasi-15-460-bcqm\/","title":{"rendered":"Dell Premier Slim Notebook \u00c7antas\u0131 15 460-BCQM"},"content":{"rendered":"<p>Dell Premier Slim Notebook \u00c7antas\u0131 15 460-BCQM<\/p>\n","protected":false},"excerpt":{"rendered":"<p>Dell Premier Slim Notebook \u00c7antas\u0131 15 460-BCQM<\/p>\n","protected":false},"featured_media":10944,"comment_status":"closed","ping_status":"closed","template":"","meta":[],"product_brand":[107],"product_cat":[156],"product_tag":[],"class_list":{"0":"post-10943","1":"product","2":"type-product","3":"status-publish","4":"has-post-thumbnail","6":"product_brand-dell","7":"product_cat-notebook-aksesuarlari","9":"first","10":"instock","11":"shipping-taxable","12":"purchasable","13":"product-type-simple"},"_links":{"self":[{"href":"https:\/\/ayazteknoloji.com\/index.php\/wp-json\/wp\/v2\/product\/10943","targetHints":{"allow":["GET"]}}],"collection":[{"href":"https:\/\/ayazteknoloji.com\/index.php\/wp-json\/wp\/v2\/product"}],"about":[{"href":"https:\/\/ayazteknoloji.com\/index.php\/wp-json\/wp\/v2\/types\/product"}],"replies":[{"embeddable":true,"href":"https:\/\/ayazteknoloji.com\/index.php\/wp-json\/wp\/v2\/comments?post=10943"}],"version-history":[{"count":1,"href":"https:\/\/ayazteknoloji.com\/index.php\/wp-json\/wp\/v2\/product\/10943\/revisions"}],"predecessor-version":[{"id":10948,"href":"https:\/\/ayazteknoloji.com\/index.php\/wp-json\/wp\/v2\/product\/10943\/revisions\/10948"}],"wp:featuredmedia":[{"embeddable":true,"href":"https:\/\/ayazteknoloji.com\/index.php\/wp-json\/wp\/v2\/media\/10944"}],"wp:attachment":[{"href":"https:\/\/ayazteknoloji.com\/index.php\/wp-json\/wp\/v2\/media?parent=10943"}],"wp:term":[{"taxonomy":"product_brand","embeddable":true,"href":"https:\/\/ayazteknoloji.com\/index.php\/wp-json\/wp\/v2\/product_brand?post=10943"},{"taxonomy":"product_cat","embeddable":true,"href":"https:\/\/ayazteknoloji.com\/index.php\/wp-json\/wp\/v2\/product_cat?post=10943"},{"taxonomy":"product_tag","embeddable":true,"href":"https:\/\/ayazteknoloji.com\/index.php\/wp-json\/wp\/v2\/product_tag?post=10943"}],"curies":[{"name":"wp","href":"https:\/\/api.w.org\/{rel}","templated":true}]}}